{"id":3093,"date":"2017-02-19T19:02:08","date_gmt":"2017-02-19T18:02:08","guid":{"rendered":"http:\/\/aram.bourgault.info\/document\/extrait-de-etrangers-de-chez-nous-limmigration-dans-le-doubs-et-a-colombier-fontaine-1850-1950-service-educatif-des-archives-departementales-du-doubs-2008"},"modified":"2017-05-23T14:33:22","modified_gmt":"2017-05-23T12:33:22","slug":"extrait-de-etrangers-de-chez-nous-limmigration-dans-le-doubs-et-a-colombier-fontaine-1850-1950-service-educatif-des-archives-departementales-du-doubs-2008","status":"publish","type":"document","link":"http:\/\/aram.bourgault.info\/en\/biblio\/document\/extrait-de-etrangers-de-chez-nous-limmigration-dans-le-doubs-et-a-colombier-fontaine-1850-1950-service-educatif-des-archives-departementales-du-doubs-2008","title":{"rendered":"Extrait de \u00c9trangers de chez nous, L&#8217;immigration dans le Doubs et \u00e0 Colombier-Fontaine (1850-1950), Service \u00e9ducatif des Archives d\u00e9partementales du Doubs, 2008"},"content":{"rendered":"<p>Agop KIRBIDJIAN, r\u00e9fugi\u00e9 arm\u00e9nien<\/p>\n<p>T\u00e9moignage de son fils, Georges Kirbidjian (1930-2007).<br \/>\n\tPropos recueillis par Alain Gagnieux le 29 juillet 2005, puis les 4 et 7 novembre 2007<\/p>\n<p>Extrait de \u00c9trangers de chez nous, L&#8217;immigration dans le Doubs et \u00e0 Colombier-Fontaine (1850-1950), Service \u00e9ducatif des Archives d\u00e9partementales du Doubs, 2008\u00a0<\/p>\n","protected":false},"excerpt":{"rendered":"<p>Agop KIRBIDJIAN, r\u00e9fugi\u00e9 arm\u00e9nien T\u00e9moignage de son fils, Georges Kirbidjian (1930-2007). Propos recueillis par Alain Gagnieux le 29 juillet 2005, puis les 4 et 7 novembre 2007 Extrait de \u00c9trangers de chez nous, L&#8217;immigration dans le Doubs et \u00e0 Colombier-Fontaine (1850-1950), Service \u00e9ducatif des Archives d\u00e9partementales du Doubs, 2008\u00a0<\/p>\n","protected":false},"featured_media":0,"template":"","auteur-biblio":[3593],"langues-biblio":[4],"tag-biblio":[164],"type-de-document":[2550],"type-de-travail":[1989],"_links":{"self":[{"href":"http:\/\/aram.bourgault.info\/en\/wp-json\/wp\/v2\/document\/3093"}],"collection":[{"href":"http:\/\/aram.bourgault.info\/en\/wp-json\/wp\/v2\/document"}],"about":[{"href":"http:\/\/aram.bourgault.info\/en\/wp-json\/wp\/v2\/types\/document"}],"wp:attachment":[{"href":"http:\/\/aram.bourgault.info\/en\/wp-json\/wp\/v2\/media?parent=3093"}],"wp:term":[{"taxonomy":"auteur-biblio","embeddable":true,"href":"http:\/\/aram.bourgault.info\/en\/wp-json\/wp\/v2\/auteur-biblio?post=3093"},{"taxonomy":"langues-biblio","embeddable":true,"href":"http:\/\/aram.bourgault.info\/en\/wp-json\/wp\/v2\/langues-biblio?post=3093"},{"taxonomy":"tag-biblio","embeddable":true,"href":"http:\/\/aram.bourgault.info\/en\/wp-json\/wp\/v2\/tag-biblio?post=3093"},{"taxonomy":"type-de-document","embeddable":true,"href":"http:\/\/aram.bourgault.info\/en\/wp-json\/wp\/v2\/type-de-document?post=3093"},{"taxonomy":"type-de-travail","embeddable":true,"href":"http:\/\/aram.bourgault.info\/en\/wp-json\/wp\/v2\/type-de-travail?post=3093"}],"curies":[{"name":"wp","href":"https:\/\/api.w.org\/{rel}","templated":true}]}}

Extrait de Étrangers de chez nous, L&#8217;immigration dans le Doubs et à Colombier-Fontaine (1850-1950), Service éducatif des Archives départementales du Doubs, 2008

<p>Agop KIRBIDJIAN, réfugié arménien</p>
<p>Témoignage de son fils, Georges Kirbidjian (1930-2007).<br />
	Propos recueillis par Alain Gagnieux le 29 juillet 2005, puis les 4 et 7 novembre 2007</p>
<p>Extrait de Étrangers de chez nous, L&#8217;immigration dans le Doubs et à Colombier-Fontaine (1850-1950), Service éducatif des Archives départementales du Doubs, 2008 </p>

<p>Agop KIRBIDJIAN, réfugié arménien Témoignage de son fils, Georges Kirbidjian (1930-2007). Propos recueillis par Alain Gagnieux le 29 juillet 2005, puis les 4 et 7 novembre 2007 Extrait de Étrangers de chez nous, L&#8217;immigration dans le Doubs et à Colombier-Fontaine (1850-1950), Service éducatif des Archives départementales du Doubs, 2008 </p>
