{"id":11464,"date":"2019-03-06T11:00:52","date_gmt":"2019-03-06T10:00:52","guid":{"rendered":"http:\/\/aram.bourgault.info\/biblio\/livre\/larmenie-et-la-guerre"},"modified":"2019-03-06T11:00:52","modified_gmt":"2019-03-06T10:00:52","slug":"larmenie-et-la-guerre","status":"publish","type":"livre","link":"http:\/\/aram.bourgault.info\/en\/biblio\/livre\/larmenie-et-la-guerre","title":{"rendered":"L&#8217;Arm\u00e9nie et la Guerre"},"content":{"rendered":"<p>Le point de vue d&#8217;un Arm\u00e9nien avec un appel \u00e0 la Grande-Bretagne et \u00e0 la prochaine Conf\u00e9rence de paix. Pr\u00e9face du Tr\u00e8s Honorable Vicomte BRYCE.<br \/>\nImprimerie du journal Arm\u00e9nien Artzakank Parisi.<\/p>\n<p>Hagop Turabian Editeur.<\/p>\n","protected":false},"featured_media":11465,"template":"","auteur-biblio":[3929],"langues-biblio":[4],"tag-biblio":[],"type-de-travail":[],"_links":{"self":[{"href":"http:\/\/aram.bourgault.info\/en\/wp-json\/wp\/v2\/livre\/11464"}],"collection":[{"href":"http:\/\/aram.bourgault.info\/en\/wp-json\/wp\/v2\/livre"}],"about":[{"href":"http:\/\/aram.bourgault.info\/en\/wp-json\/wp\/v2\/types\/livre"}],"wp:featuredmedia":[{"embeddable":true,"href":"http:\/\/aram.bourgault.info\/en\/wp-json\/wp\/v2\/media\/11465"}],"wp:attachment":[{"href":"http:\/\/aram.bourgault.info\/en\/wp-json\/wp\/v2\/media?parent=11464"}],"wp:term":[{"taxonomy":"auteur-biblio","embeddable":true,"href":"http:\/\/aram.bourgault.info\/en\/wp-json\/wp\/v2\/auteur-biblio?post=11464"},{"taxonomy":"langues-biblio","embeddable":true,"href":"http:\/\/aram.bourgault.info\/en\/wp-json\/wp\/v2\/langues-biblio?post=11464"},{"taxonomy":"tag-biblio","embeddable":true,"href":"http:\/\/aram.bourgault.info\/en\/wp-json\/wp\/v2\/tag-biblio?post=11464"},{"taxonomy":"type-de-travail","embeddable":true,"href":"http:\/\/aram.bourgault.info\/en\/wp-json\/wp\/v2\/type-de-travail?post=11464"}],"curies":[{"name":"wp","href":"https:\/\/api.w.org\/{rel}","templated":true}]}}

L&#8217;Arménie et la Guerre

<p>Le point de vue d&#8217;un Arménien avec un appel à la Grande-Bretagne et à la prochaine Conférence de paix. Préface du Très Honorable Vicomte BRYCE.<br />
Imprimerie du journal Arménien Artzakank Parisi.</p>
<p>Hagop Turabian Editeur.</p>
