{"id":2907,"date":"2017-02-19T18:12:49","date_gmt":"2017-02-19T17:12:49","guid":{"rendered":"http:\/\/aram.bourgault.info\/document\/recueil-zabel-essayan"},"modified":"2017-05-23T14:33:43","modified_gmt":"2017-05-23T12:33:43","slug":"recueil-zabel-essayan","status":"publish","type":"document","link":"http:\/\/aram.bourgault.info\/es\/biblio\/document\/recueil-zabel-essayan","title":{"rendered":"Recueil: Zabel Essayan"},"content":{"rendered":"<p>Cf.: Ketcheyan, L\u00e9on, &#8220;A la d\u00e9couverte de Zabel Essayan&#8230; Ou \u00e9bauche d&#8217;une \u00abbiographie\u00bb en construction&#8221;, p. 337-432; . Textes de Zabel Essayan: &#8220;Meliha Nurri hanim&#8221;, p. 435-458; &#8220;Quand on n&#8217;aime plus&#8221;, p. 459-503; &#8220;Mon \u00e2me exil\u00e9e&#8221;, p. 505-516; &#8220;\u00abAutobiographie\u00bb&#8221;, p. 517-561; &#8220;Souvenirs personnels sur Hovhann\u00e8s Toumanian&#8221;, p. 563-584; . Propos sur Zabel Essayan: &#8220;La situation des Arm\u00e9niens en Turquie (Conf\u00e9rence \u00e0 Moscou)&#8221;, trad. du russe par Dermerguerian, Robert, p. 587-592; Rouben [Minas Ter-Minassian], &#8220;Les m\u00e9moires d&#8217;un r\u00e9volutionnaire arm\u00e9nien&#8221;, p. 593-599; Kostan, Zarian, &#8220;La \u00abdindasse\u00bb nationale&#8221;, p. 601-608; Bechiktachlian, Nchan, &#8220;Zabel Essayan&#8221;, p. 609-615; Zarian, Rouben, &#8220;Zabel Essayan&#8221;, p. 617-627<\/p>\n","protected":false},"excerpt":{"rendered":"<p>Cf.: Ketcheyan, L\u00e9on, &#8220;A la d\u00e9couverte de Zabel Essayan&#8230; Ou \u00e9bauche d&#8217;une \u00abbiographie\u00bb en construction&#8221;, p. 337-432; . Textes de Zabel Essayan: &#8220;Meliha Nurri hanim&#8221;, p. 435-458; &#8220;Quand on n&#8217;aime plus&#8221;, p. 459-503; &#8220;Mon \u00e2me exil\u00e9e&#8221;, p. 505-516; &#8220;\u00abAutobiographie\u00bb&#8221;, p. 517-561; &#8220;Souvenirs personnels sur Hovhann\u00e8s Toumanian&#8221;, p. 563-584; . Propos sur Zabel Essayan: &#8220;La situation &hellip; <a href=\"http:\/\/aram.bourgault.info\/es\/biblio\/document\/recueil-zabel-essayan\">Leer la continuaci\u00f3n<\/a><\/p>\n","protected":false},"featured_media":0,"template":"","auteur-biblio":[2988],"langues-biblio":[4],"tag-biblio":[],"type-de-document":[2562],"type-de-travail":[1981,2005],"_links":{"self":[{"href":"http:\/\/aram.bourgault.info\/es\/wp-json\/wp\/v2\/document\/2907"}],"collection":[{"href":"http:\/\/aram.bourgault.info\/es\/wp-json\/wp\/v2\/document"}],"about":[{"href":"http:\/\/aram.bourgault.info\/es\/wp-json\/wp\/v2\/types\/document"}],"wp:attachment":[{"href":"http:\/\/aram.bourgault.info\/es\/wp-json\/wp\/v2\/media?parent=2907"}],"wp:term":[{"taxonomy":"auteur-biblio","embeddable":true,"href":"http:\/\/aram.bourgault.info\/es\/wp-json\/wp\/v2\/auteur-biblio?post=2907"},{"taxonomy":"langues-biblio","embeddable":true,"href":"http:\/\/aram.bourgault.info\/es\/wp-json\/wp\/v2\/langues-biblio?post=2907"},{"taxonomy":"tag-biblio","embeddable":true,"href":"http:\/\/aram.bourgault.info\/es\/wp-json\/wp\/v2\/tag-biblio?post=2907"},{"taxonomy":"type-de-document","embeddable":true,"href":"http:\/\/aram.bourgault.info\/es\/wp-json\/wp\/v2\/type-de-document?post=2907"},{"taxonomy":"type-de-travail","embeddable":true,"href":"http:\/\/aram.bourgault.info\/es\/wp-json\/wp\/v2\/type-de-travail?post=2907"}],"curies":[{"name":"wp","href":"https:\/\/api.w.org\/{rel}","templated":true}]}}

<p>Cf.: Ketcheyan, Léon, &#8220;A la découverte de Zabel Essayan&#8230; Ou ébauche d&#8217;une «biographie» en construction&#8221;, p. 337-432; . Textes de Zabel Essayan: &#8220;Meliha Nurri hanim&#8221;, p. 435-458; &#8220;Quand on n&#8217;aime plus&#8221;, p. 459-503; &#8220;Mon âme exilée&#8221;, p. 505-516; &#8220;«Autobiographie»&#8221;, p. 517-561; &#8220;Souvenirs personnels sur Hovhannès Toumanian&#8221;, p. 563-584; . Propos sur Zabel Essayan: &#8220;La situation des Arméniens en Turquie (Conférence à Moscou)&#8221;, trad. du russe par Dermerguerian, Robert, p. 587-592; Rouben [Minas Ter-Minassian], &#8220;Les mémoires d&#8217;un révolutionnaire arménien&#8221;, p. 593-599; Kostan, Zarian, &#8220;La «dindasse» nationale&#8221;, p. 601-608; Bechiktachlian, Nchan, &#8220;Zabel Essayan&#8221;, p. 609-615; Zarian, Rouben, &#8220;Zabel Essayan&#8221;, p. 617-627</p>

<p>Cf.: Ketcheyan, Léon, &#8220;A la découverte de Zabel Essayan&#8230; Ou ébauche d&#8217;une «biographie» en construction&#8221;, p. 337-432; . Textes de Zabel Essayan: &#8220;Meliha Nurri hanim&#8221;, p. 435-458; &#8220;Quand on n&#8217;aime plus&#8221;, p. 459-503; &#8220;Mon âme exilée&#8221;, p. 505-516; &#8220;«Autobiographie»&#8221;, p. 517-561; &#8220;Souvenirs personnels sur Hovhannès Toumanian&#8221;, p. 563-584; . Propos sur Zabel Essayan: &#8220;La situation &hellip; <a href="http://aram.bourgault.info/es/biblio/document/recueil-zabel-essayan">Leer la continuación</a></p>
