{"id":3034,"date":"2017-02-19T19:01:59","date_gmt":"2017-02-19T18:01:59","guid":{"rendered":"http:\/\/aram.bourgault.info\/document\/le-sujet-le-deuil-le-genocide"},"modified":"2017-05-23T14:33:34","modified_gmt":"2017-05-23T12:33:34","slug":"le-sujet-le-deuil-le-genocide","status":"publish","type":"document","link":"http:\/\/aram.bourgault.info\/es\/biblio\/document\/le-sujet-le-deuil-le-genocide","title":{"rendered":"Le sujet, le deuil, le g\u00e9nocide"},"content":{"rendered":"<p>\u00a0<\/p>\n<p style=\"margin: 0px; font-size: 11.5px; font-family: 'Times New Roman'; \">Le terme g\u00e9nocide est un n\u00e9ologisme form\u00e9 en 1944 par Raphael Lemkin, professeur de droit am\u00e9ricain d\u2019origine juive polonaise, \u00e0 partir de la racine grecque genos, \u00ab naissance \u00bb, \u00ab genre \u00bb, \u00ab esp\u00e8ce \u00bb, et du suffixe cide, qui vient du terme latin caedere, \u00ab tuer \u00bb, \u00ab massacrer \u00bb. Un g\u00e9nocide est l\u2019extermination physique, intentionnelle, syst\u00e9matique et programm\u00e9e d\u2019un groupe ou d\u2019une partie d\u2019un groupe en raison de ses origines ethniques, religieuses ou sociales.<\/p>\n<p style=\"margin: 0px; font-size: 11.5px; font-family: 'Times New Roman'; \">\u00a0<\/p>\n<p style=\"margin: 0px; font-size: 11.5px; font-family: 'Times New Roman'; \">H\u00e9l\u00e8ne Piralian, auteur, psychanalyste pose la question : \u00ab Comment ne pas mourir de l\u2019h\u00e9ritage du g\u00e9nocidaire ? Le g\u00e9nocide, c\u2019est vouloir d\u00e9truire un peuple en son entier de son origine \u00e0 son devenir ; c&#8217;est-\u00e0-dire qu\u2019il s\u2019agit en m\u00eame temps, et tout autant que du meurtre r\u00e9el des sujets pr\u00e9sents, de d\u00e9truire la cha\u00eene symbolique qui constitue leur g\u00e9n\u00e9alogie et, en les d\u00e9liant de l\u2019ordre humain, d\u2019an\u00e9antir toute possibilit\u00e9 de descendance aussi bien pour les morts que pour les survivants \u00bb. 1\u00a0<\/p>\n<p style=\"margin: 0px; font-size: 11.5px; font-family: 'Times New Roman'; \">C\u2019est ainsi qu\u2019on constate un d\u00e9ni, cons\u00e9cutif au g\u00e9nocide. Ce d\u00e9ni donne aux morts le statut de n\u2019ayant jamais \u00e9t\u00e9 puisque leur existence pass\u00e9e a disparu.<\/p>\n","protected":false},"excerpt":{"rendered":"<p>\u00a0 Le terme g\u00e9nocide est un n\u00e9ologisme form\u00e9 en 1944 par Raphael Lemkin, professeur de droit am\u00e9ricain d\u2019origine juive polonaise, \u00e0 partir de la racine grecque genos, \u00ab naissance \u00bb, \u00ab genre \u00bb, \u00ab esp\u00e8ce \u00bb, et du suffixe cide, qui vient du terme latin caedere, \u00ab tuer \u00bb, \u00ab massacrer \u00bb. Un g\u00e9nocide est &hellip; <a href=\"http:\/\/aram.bourgault.info\/es\/biblio\/document\/le-sujet-le-deuil-le-genocide\">Leer la continuaci\u00f3n<\/a><\/p>\n","protected":false},"featured_media":0,"template":"","auteur-biblio":[3573,3574],"langues-biblio":[4],"tag-biblio":[],"type-de-document":[2542],"type-de-travail":[2340,2341],"_links":{"self":[{"href":"http:\/\/aram.bourgault.info\/es\/wp-json\/wp\/v2\/document\/3034"}],"collection":[{"href":"http:\/\/aram.bourgault.info\/es\/wp-json\/wp\/v2\/document"}],"about":[{"href":"http:\/\/aram.bourgault.info\/es\/wp-json\/wp\/v2\/types\/document"}],"wp:attachment":[{"href":"http:\/\/aram.bourgault.info\/es\/wp-json\/wp\/v2\/media?parent=3034"}],"wp:term":[{"taxonomy":"auteur-biblio","embeddable":true,"href":"http:\/\/aram.bourgault.info\/es\/wp-json\/wp\/v2\/auteur-biblio?post=3034"},{"taxonomy":"langues-biblio","embeddable":true,"href":"http:\/\/aram.bourgault.info\/es\/wp-json\/wp\/v2\/langues-biblio?post=3034"},{"taxonomy":"tag-biblio","embeddable":true,"href":"http:\/\/aram.bourgault.info\/es\/wp-json\/wp\/v2\/tag-biblio?post=3034"},{"taxonomy":"type-de-document","embeddable":true,"href":"http:\/\/aram.bourgault.info\/es\/wp-json\/wp\/v2\/type-de-document?post=3034"},{"taxonomy":"type-de-travail","embeddable":true,"href":"http:\/\/aram.bourgault.info\/es\/wp-json\/wp\/v2\/type-de-travail?post=3034"}],"curies":[{"name":"wp","href":"https:\/\/api.w.org\/{rel}","templated":true}]}}

Le sujet, le deuil, le génocide

<p> </p>
<p style="margin: 0px; font-size: 11.5px; font-family: 'Times New Roman'; ">Le terme génocide est un néologisme formé en 1944 par Raphael Lemkin, professeur de droit américain d’origine juive polonaise, à partir de la racine grecque genos, « naissance », « genre », « espèce », et du suffixe cide, qui vient du terme latin caedere, « tuer », « massacrer ». Un génocide est l’extermination physique, intentionnelle, systématique et programmée d’un groupe ou d’une partie d’un groupe en raison de ses origines ethniques, religieuses ou sociales.</p>
<p style="margin: 0px; font-size: 11.5px; font-family: 'Times New Roman'; "> </p>
<p style="margin: 0px; font-size: 11.5px; font-family: 'Times New Roman'; ">Hélène Piralian, auteur, psychanalyste pose la question : « Comment ne pas mourir de l’héritage du génocidaire ? Le génocide, c’est vouloir détruire un peuple en son entier de son origine à son devenir ; c&#8217;est-à-dire qu’il s’agit en même temps, et tout autant que du meurtre réel des sujets présents, de détruire la chaîne symbolique qui constitue leur généalogie et, en les déliant de l’ordre humain, d’anéantir toute possibilité de descendance aussi bien pour les morts que pour les survivants ». 1 </p>
<p style="margin: 0px; font-size: 11.5px; font-family: 'Times New Roman'; ">C’est ainsi qu’on constate un déni, consécutif au génocide. Ce déni donne aux morts le statut de n’ayant jamais été puisque leur existence passée a disparu.</p>

<p>  Le terme génocide est un néologisme formé en 1944 par Raphael Lemkin, professeur de droit américain d’origine juive polonaise, à partir de la racine grecque genos, « naissance », « genre », « espèce », et du suffixe cide, qui vient du terme latin caedere, « tuer », « massacrer ». Un génocide est &hellip; <a href="http://aram.bourgault.info/es/biblio/document/le-sujet-le-deuil-le-genocide">Leer la continuación</a></p>
