{"id":3036,"date":"2017-02-19T19:01:59","date_gmt":"2017-02-19T18:01:59","guid":{"rendered":"http:\/\/aram.bourgault.info\/document\/varoujan-temoin-de-son-temps"},"modified":"2017-05-23T14:33:34","modified_gmt":"2017-05-23T12:33:34","slug":"varoujan-temoin-de-son-temps","status":"publish","type":"document","link":"http:\/\/aram.bourgault.info\/es\/biblio\/document\/varoujan-temoin-de-son-temps","title":{"rendered":"VAROUJAN\u2026 T\u00e9moin de son temps"},"content":{"rendered":"<p>Originaire de la ville de Sis (La Cilicie Arm\u00e9nienne) les parents de Varoujan quitt\u00e8rent la ville syrienne d&#8217;Alep pour une seconde migration au pays des C\u00e9dres. Ce fils de rescap\u00e9 du g\u00e9nocide commence ses premiers pas dans la vie dans l&#8217;un des premiers quartiers arm\u00e9niens de Beyrouth.<\/p>\n<p>Le documentaire retrace la vie de ce photographe qui sera l&#8217;un des pionniers de la photographie du moyen orient des ann\u00e9es 1950-60<\/p>\n","protected":false},"excerpt":{"rendered":"<p>Originaire de la ville de Sis (La Cilicie Arm\u00e9nienne) les parents de Varoujan quitt\u00e8rent la ville syrienne d&#8217;Alep pour une seconde migration au pays des C\u00e9dres. Ce fils de rescap\u00e9 du g\u00e9nocide commence ses premiers pas dans la vie dans l&#8217;un des premiers quartiers arm\u00e9niens de Beyrouth. Le documentaire retrace la vie de ce photographe &hellip; <a href=\"http:\/\/aram.bourgault.info\/es\/biblio\/document\/varoujan-temoin-de-son-temps\">Leer la continuaci\u00f3n<\/a><\/p>\n","protected":false},"featured_media":0,"template":"","auteur-biblio":[3576],"langues-biblio":[6,4],"tag-biblio":[2349,2350,297],"type-de-document":[2549],"type-de-travail":[2351],"_links":{"self":[{"href":"http:\/\/aram.bourgault.info\/es\/wp-json\/wp\/v2\/document\/3036"}],"collection":[{"href":"http:\/\/aram.bourgault.info\/es\/wp-json\/wp\/v2\/document"}],"about":[{"href":"http:\/\/aram.bourgault.info\/es\/wp-json\/wp\/v2\/types\/document"}],"wp:attachment":[{"href":"http:\/\/aram.bourgault.info\/es\/wp-json\/wp\/v2\/media?parent=3036"}],"wp:term":[{"taxonomy":"auteur-biblio","embeddable":true,"href":"http:\/\/aram.bourgault.info\/es\/wp-json\/wp\/v2\/auteur-biblio?post=3036"},{"taxonomy":"langues-biblio","embeddable":true,"href":"http:\/\/aram.bourgault.info\/es\/wp-json\/wp\/v2\/langues-biblio?post=3036"},{"taxonomy":"tag-biblio","embeddable":true,"href":"http:\/\/aram.bourgault.info\/es\/wp-json\/wp\/v2\/tag-biblio?post=3036"},{"taxonomy":"type-de-document","embeddable":true,"href":"http:\/\/aram.bourgault.info\/es\/wp-json\/wp\/v2\/type-de-document?post=3036"},{"taxonomy":"type-de-travail","embeddable":true,"href":"http:\/\/aram.bourgault.info\/es\/wp-json\/wp\/v2\/type-de-travail?post=3036"}],"curies":[{"name":"wp","href":"https:\/\/api.w.org\/{rel}","templated":true}]}}

VAROUJAN… Témoin de son temps

<p>Originaire de la ville de Sis (La Cilicie Arménienne) les parents de Varoujan quittèrent la ville syrienne d&#8217;Alep pour une seconde migration au pays des Cédres. Ce fils de rescapé du génocide commence ses premiers pas dans la vie dans l&#8217;un des premiers quartiers arméniens de Beyrouth.</p>
<p>Le documentaire retrace la vie de ce photographe qui sera l&#8217;un des pionniers de la photographie du moyen orient des années 1950-60</p>

<p>Originaire de la ville de Sis (La Cilicie Arménienne) les parents de Varoujan quittèrent la ville syrienne d&#8217;Alep pour une seconde migration au pays des Cédres. Ce fils de rescapé du génocide commence ses premiers pas dans la vie dans l&#8217;un des premiers quartiers arméniens de Beyrouth. Le documentaire retrace la vie de ce photographe &hellip; <a href="http://aram.bourgault.info/es/biblio/document/varoujan-temoin-de-son-temps">Leer la continuación</a></p>
