{"id":2873,"date":"2017-02-19T18:12:40","date_gmt":"2017-02-19T17:12:40","guid":{"rendered":"http:\/\/aram.bourgault.info\/document\/ailleurs-hier-autrement-connaissance-et-reconnaissance-du-genocide-des-armeniens"},"modified":"2017-05-31T09:46:11","modified_gmt":"2017-05-31T07:46:11","slug":"ailleurs-hier-autrement-connaissance-et-reconnaissance-du-genocide-des-armeniens","status":"publish","type":"document","link":"http:\/\/aram.bourgault.info\/hy\/biblio\/document\/ailleurs-hier-autrement-connaissance-et-reconnaissance-du-genocide-des-armeniens","title":{"rendered":"Ailleurs, hier, autrement : connaissance et reconnaissance du g\u00e9nocide des Arm\u00e9niens"},"content":{"rendered":"<p>Editorial de Georges BENSOUSSANCartesComparer les g\u00e9nocides (TERNON Y.) CONNAISSANCE La Question d&#8217;Orient ou la sanglante agonie de &#8220;l&#8217;homme malade&#8221; Le t\u00e9moigage des repr\u00e9sentants locaux de l&#8217;Alliance Isra\u00e9lite Universelle (AIU) Le Sindjar : un refuge dans la montagne T\u00e9moignage des rescap\u00e9s du g\u00e9nocide des Arm\u00e9niens Les Juifs du Yishouv et le g\u00e9nocide des Arm\u00e9niens pendant la Premi\u00e8re Guerre mondiale : rapports officiels et r\u00e9cits de t\u00e9moins La Turquie face \u00e0 ses responsabilit\u00e9s. Le proc\u00e8s des criminels jeunes-turcs (1918-1920) Etat-nation et minorit\u00e9s en Turquie k\u00e9maliste : L&#8217;expulsion des Arm\u00e9niens et des Syriaques Exil\u00e9s politiques et av\u00e8nement du &#8220;Droit humain&#8221; : la pens\u00e9e juridique d&#8217;Andr\u00e9 Mandelstam (1869-1949) G\u00e9nocide des Arm\u00e9niens et conceptualisation du crime contre l&#8217;humanit\u00e9. De l&#8217;intervention pour cause d&#8217;humanit\u00e9 \u00e0 l&#8217;intervention pour violation des droits de l&#8217;humanit\u00e9 L&#8217;extermination des Arm\u00e9niens, entre d\u00e9nonciation, indiff\u00e9rence et oubli, de 1915 aux ann\u00e9es vingt Documents photographiques RECONNAISSANCE De l&#8217;Affaire Dreyfus au mouvement arm\u00e9nophile : Pierre Quillard et Pro Armenia L&#8217;Arm\u00e9nie dans l&#8217;oeuvre et la pens\u00e9e de Charles P\u00e9guy Arm\u00e9nophobie, jud\u00e9ophobie : st\u00e9r\u00e9otypes crois\u00e9s L&#8217;identit\u00e9 juive au miroir de l&#8217;Arm\u00e9nie Repr\u00e9senter le g\u00e9nocide La litt\u00e9rature arm\u00e9nienne et la Catastrophe L&#8217;ambassadeur Morgenthau et l&#8217;\u00e9laboration de la politique am\u00e9ricaine de protestation et d&#8217;intervention contre le g\u00e9nocide (1914-1915) La reconnaissance du g\u00e9nocide des Arm\u00e9niens aux Etats-Unis L&#8217;action du Comit\u00e9 de D\u00e9fense de la Cause Arm\u00e9nienne et la reconnaissance du g\u00e9nocide des Arm\u00e9niens La reconnaissance par la France du g\u00e9nocide des Arm\u00e9niens Enseigner l&#8217;histoire du g\u00e9nocide des Arm\u00e9niens : avanc\u00e9es et reculs de l&#8217;\u00e9dition scolaire La n\u00e9gation du g\u00e9nocide des Arm\u00e9niens sur Internet La Commission de r\u00e9conciliation arm\u00e9no-turque Bibliographie Comptes rendus d&#8217;ouvrages r\u00e9cents autour du g\u00e9nocide des Arm\u00e9niens<\/p>\n","protected":false},"excerpt":{"rendered":"<p>Editorial de Georges BENSOUSSANCartesComparer les g\u00e9nocides (TERNON Y.) CONNAISSANCE La Question d&#8217;Orient ou la sanglante agonie de &#8220;l&#8217;homme malade&#8221; Le t\u00e9moigage des repr\u00e9sentants locaux de l&#8217;Alliance Isra\u00e9lite Universelle (AIU) Le Sindjar : un refuge dans la montagne T\u00e9moignage des rescap\u00e9s du g\u00e9nocide des Arm\u00e9niens Les Juifs du Yishouv et le g\u00e9nocide des Arm\u00e9niens pendant la &hellip; <a href=\"http:\/\/aram.bourgault.info\/hy\/biblio\/document\/ailleurs-hier-autrement-connaissance-et-reconnaissance-du-genocide-des-armeniens\">\u0547\u0561\u0580\u0578\u0582\u0576\u0561\u056f\u0578\u0582\u0569\u056b\u0582\u0576\u0568 \u056f\u0561\u0580\u0564\u0561\u056c<\/a><\/p>\n","protected":false},"featured_media":5422,"template":"","auteur-biblio":[3327,3655,3656,3659,3331,3665,3658,2934,3663,3662,2992,3668,3657,2889,3666,3661,3664,2887,3667,2894,2900,3660],"langues-biblio":[4],"tag-biblio":[2072,2066,2079,371,2070,2076,2078,2080,2074,149,2075,212,2067,2077,2069,1225,2071,2068,2073,2065],"type-de-document":[2562],"type-de-travail":[1981,1983],"_links":{"self":[{"href":"http:\/\/aram.bourgault.info\/hy\/wp-json\/wp\/v2\/document\/2873"}],"collection":[{"href":"http:\/\/aram.bourgault.info\/hy\/wp-json\/wp\/v2\/document"}],"about":[{"href":"http:\/\/aram.bourgault.info\/hy\/wp-json\/wp\/v2\/types\/document"}],"wp:featuredmedia":[{"embeddable":true,"href":"http:\/\/aram.bourgault.info\/hy\/wp-json\/wp\/v2\/media\/5422"}],"wp:attachment":[{"href":"http:\/\/aram.bourgault.info\/hy\/wp-json\/wp\/v2\/media?parent=2873"}],"wp:term":[{"taxonomy":"auteur-biblio","embeddable":true,"href":"http:\/\/aram.bourgault.info\/hy\/wp-json\/wp\/v2\/auteur-biblio?post=2873"},{"taxonomy":"langues-biblio","embeddable":true,"href":"http:\/\/aram.bourgault.info\/hy\/wp-json\/wp\/v2\/langues-biblio?post=2873"},{"taxonomy":"tag-biblio","embeddable":true,"href":"http:\/\/aram.bourgault.info\/hy\/wp-json\/wp\/v2\/tag-biblio?post=2873"},{"taxonomy":"type-de-document","embeddable":true,"href":"http:\/\/aram.bourgault.info\/hy\/wp-json\/wp\/v2\/type-de-document?post=2873"},{"taxonomy":"type-de-travail","embeddable":true,"href":"http:\/\/aram.bourgault.info\/hy\/wp-json\/wp\/v2\/type-de-travail?post=2873"}],"curies":[{"name":"wp","href":"https:\/\/api.w.org\/{rel}","templated":true}]}}

Ailleurs, hier, autrement : connaissance et reconnaissance du génocide des Arméniens

<p>Editorial de Georges BENSOUSSANCartesComparer les génocides (TERNON Y.) CONNAISSANCE La Question d&#8217;Orient ou la sanglante agonie de &#8220;l&#8217;homme malade&#8221; Le témoigage des représentants locaux de l&#8217;Alliance Israélite Universelle (AIU) Le Sindjar : un refuge dans la montagne Témoignage des rescapés du génocide des Arméniens Les Juifs du Yishouv et le génocide des Arméniens pendant la Première Guerre mondiale : rapports officiels et récits de témoins La Turquie face à ses responsabilités. Le procès des criminels jeunes-turcs (1918-1920) Etat-nation et minorités en Turquie kémaliste : L&#8217;expulsion des Arméniens et des Syriaques Exilés politiques et avènement du &#8220;Droit humain&#8221; : la pensée juridique d&#8217;André Mandelstam (1869-1949) Génocide des Arméniens et conceptualisation du crime contre l&#8217;humanité. De l&#8217;intervention pour cause d&#8217;humanité à l&#8217;intervention pour violation des droits de l&#8217;humanité L&#8217;extermination des Arméniens, entre dénonciation, indifférence et oubli, de 1915 aux années vingt Documents photographiques RECONNAISSANCE De l&#8217;Affaire Dreyfus au mouvement arménophile : Pierre Quillard et Pro Armenia L&#8217;Arménie dans l&#8217;oeuvre et la pensée de Charles Péguy Arménophobie, judéophobie : stéréotypes croisés L&#8217;identité juive au miroir de l&#8217;Arménie Représenter le génocide La littérature arménienne et la Catastrophe L&#8217;ambassadeur Morgenthau et l&#8217;élaboration de la politique américaine de protestation et d&#8217;intervention contre le génocide (1914-1915) La reconnaissance du génocide des Arméniens aux Etats-Unis L&#8217;action du Comité de Défense de la Cause Arménienne et la reconnaissance du génocide des Arméniens La reconnaissance par la France du génocide des Arméniens Enseigner l&#8217;histoire du génocide des Arméniens : avancées et reculs de l&#8217;édition scolaire La négation du génocide des Arméniens sur Internet La Commission de réconciliation arméno-turque Bibliographie Comptes rendus d&#8217;ouvrages récents autour du génocide des Arméniens</p>

<p>Editorial de Georges BENSOUSSANCartesComparer les génocides (TERNON Y.) CONNAISSANCE La Question d&#8217;Orient ou la sanglante agonie de &#8220;l&#8217;homme malade&#8221; Le témoigage des représentants locaux de l&#8217;Alliance Israélite Universelle (AIU) Le Sindjar : un refuge dans la montagne Témoignage des rescapés du génocide des Arméniens Les Juifs du Yishouv et le génocide des Arméniens pendant la &hellip; <a href="http://aram.bourgault.info/hy/biblio/document/ailleurs-hier-autrement-connaissance-et-reconnaissance-du-genocide-des-armeniens">Շարունակութիւնը կարդալ</a></p>
