{"id":2903,"date":"2017-02-19T18:12:48","date_gmt":"2017-02-19T17:12:48","guid":{"rendered":"http:\/\/aram.bourgault.info\/document\/pour-une-restructuration-de-lasie-mineure"},"modified":"2017-05-23T14:33:43","modified_gmt":"2017-05-23T12:33:43","slug":"pour-une-restructuration-de-lasie-mineure","status":"publish","type":"document","link":"http:\/\/aram.bourgault.info\/hy\/biblio\/document\/pour-une-restructuration-de-lasie-mineure","title":{"rendered":"Pour une restructuration de l&#8217;Asie Mineure"},"content":{"rendered":"<p>La pr\u00e9sente \u00e9tude a \u00e9t\u00e9 faite par un groupe d&#8217;\u00e9tudiants arm\u00e9niens, pour tenter d&#8217;aborder les probl\u00e8mes d&#8217;Asie Mineure dans une perspective nouvelle.<\/p>\n<p>En la publiant, L&#8217;Union des \u00c9tudiants Arm\u00e9niens d&#8217;Europe souhaite susciter l&#8217;expression et la confrontation des points de vue diff\u00e9rents et contribuer \u00e0 pr\u00e9parer une pateforme d&#8217;action politique commune aux divers peuples de la r\u00e9gion dans l&#8217;int\u00e9r\u00eat de tous.<\/p>\n","protected":false},"excerpt":{"rendered":"<p>La pr\u00e9sente \u00e9tude a \u00e9t\u00e9 faite par un groupe d&#8217;\u00e9tudiants arm\u00e9niens, pour tenter d&#8217;aborder les probl\u00e8mes d&#8217;Asie Mineure dans une perspective nouvelle. En la publiant, L&#8217;Union des \u00c9tudiants Arm\u00e9niens d&#8217;Europe souhaite susciter l&#8217;expression et la confrontation des points de vue diff\u00e9rents et contribuer \u00e0 pr\u00e9parer une pateforme d&#8217;action politique commune aux divers peuples de la &hellip; <a href=\"http:\/\/aram.bourgault.info\/hy\/biblio\/document\/pour-une-restructuration-de-lasie-mineure\">\u0547\u0561\u0580\u0578\u0582\u0576\u0561\u056f\u0578\u0582\u0569\u056b\u0582\u0576\u0568 \u056f\u0561\u0580\u0564\u0561\u056c<\/a><\/p>\n","protected":false},"featured_media":0,"template":"","auteur-biblio":[3732],"langues-biblio":[4],"tag-biblio":[2200,1308],"type-de-document":[2562],"type-de-travail":[1983],"_links":{"self":[{"href":"http:\/\/aram.bourgault.info\/hy\/wp-json\/wp\/v2\/document\/2903"}],"collection":[{"href":"http:\/\/aram.bourgault.info\/hy\/wp-json\/wp\/v2\/document"}],"about":[{"href":"http:\/\/aram.bourgault.info\/hy\/wp-json\/wp\/v2\/types\/document"}],"wp:attachment":[{"href":"http:\/\/aram.bourgault.info\/hy\/wp-json\/wp\/v2\/media?parent=2903"}],"wp:term":[{"taxonomy":"auteur-biblio","embeddable":true,"href":"http:\/\/aram.bourgault.info\/hy\/wp-json\/wp\/v2\/auteur-biblio?post=2903"},{"taxonomy":"langues-biblio","embeddable":true,"href":"http:\/\/aram.bourgault.info\/hy\/wp-json\/wp\/v2\/langues-biblio?post=2903"},{"taxonomy":"tag-biblio","embeddable":true,"href":"http:\/\/aram.bourgault.info\/hy\/wp-json\/wp\/v2\/tag-biblio?post=2903"},{"taxonomy":"type-de-document","embeddable":true,"href":"http:\/\/aram.bourgault.info\/hy\/wp-json\/wp\/v2\/type-de-document?post=2903"},{"taxonomy":"type-de-travail","embeddable":true,"href":"http:\/\/aram.bourgault.info\/hy\/wp-json\/wp\/v2\/type-de-travail?post=2903"}],"curies":[{"name":"wp","href":"https:\/\/api.w.org\/{rel}","templated":true}]}}

<p>La présente étude a été faite par un groupe d&#8217;étudiants arméniens, pour tenter d&#8217;aborder les problèmes d&#8217;Asie Mineure dans une perspective nouvelle.</p>
<p>En la publiant, L&#8217;Union des Étudiants Arméniens d&#8217;Europe souhaite susciter l&#8217;expression et la confrontation des points de vue différents et contribuer à préparer une pateforme d&#8217;action politique commune aux divers peuples de la région dans l&#8217;intérêt de tous.</p>

<p>La présente étude a été faite par un groupe d&#8217;étudiants arméniens, pour tenter d&#8217;aborder les problèmes d&#8217;Asie Mineure dans une perspective nouvelle. En la publiant, L&#8217;Union des Étudiants Arméniens d&#8217;Europe souhaite susciter l&#8217;expression et la confrontation des points de vue différents et contribuer à préparer une pateforme d&#8217;action politique commune aux divers peuples de la &hellip; <a href="http://aram.bourgault.info/hy/biblio/document/pour-une-restructuration-de-lasie-mineure">Շարունակութիւնը կարդալ</a></p>
