{"id":3014,"date":"2017-02-19T19:01:55","date_gmt":"2017-02-19T18:01:55","guid":{"rendered":"http:\/\/aram.bourgault.info\/document\/conference-de-lausanne-actes-signes-a-lausanne-le-30-janvier-et-le-24-juillet-1923"},"modified":"2017-10-27T09:06:16","modified_gmt":"2017-10-27T07:06:16","slug":"conference-de-lausanne-actes-signes-a-lausanne-le-30-janvier-et-le-24-juillet-1923","status":"publish","type":"document","link":"http:\/\/aram.bourgault.info\/hy\/biblio\/document\/conference-de-lausanne-actes-signes-a-lausanne-le-30-janvier-et-le-24-juillet-1923","title":{"rendered":"Conf\u00e9rence de Lausanne &#8211; Actes sign\u00e9s les 30 Janvier et 24 Juillet 1923"},"content":{"rendered":"<p>Trait\u00e9 de paix avec la Turquie.<\/p>\n","protected":false},"excerpt":{"rendered":"<p>Trait\u00e9 de paix avec la Turquie.<\/p>\n","protected":false},"featured_media":7027,"template":"","auteur-biblio":[],"langues-biblio":[4],"tag-biblio":[2285,1374],"type-de-document":[2544],"type-de-travail":[],"_links":{"self":[{"href":"http:\/\/aram.bourgault.info\/hy\/wp-json\/wp\/v2\/document\/3014"}],"collection":[{"href":"http:\/\/aram.bourgault.info\/hy\/wp-json\/wp\/v2\/document"}],"about":[{"href":"http:\/\/aram.bourgault.info\/hy\/wp-json\/wp\/v2\/types\/document"}],"wp:featuredmedia":[{"embeddable":true,"href":"http:\/\/aram.bourgault.info\/hy\/wp-json\/wp\/v2\/media\/7027"}],"wp:attachment":[{"href":"http:\/\/aram.bourgault.info\/hy\/wp-json\/wp\/v2\/media?parent=3014"}],"wp:term":[{"taxonomy":"auteur-biblio","embeddable":true,"href":"http:\/\/aram.bourgault.info\/hy\/wp-json\/wp\/v2\/auteur-biblio?post=3014"},{"taxonomy":"langues-biblio","embeddable":true,"href":"http:\/\/aram.bourgault.info\/hy\/wp-json\/wp\/v2\/langues-biblio?post=3014"},{"taxonomy":"tag-biblio","embeddable":true,"href":"http:\/\/aram.bourgault.info\/hy\/wp-json\/wp\/v2\/tag-biblio?post=3014"},{"taxonomy":"type-de-document","embeddable":true,"href":"http:\/\/aram.bourgault.info\/hy\/wp-json\/wp\/v2\/type-de-document?post=3014"},{"taxonomy":"type-de-travail","embeddable":true,"href":"http:\/\/aram.bourgault.info\/hy\/wp-json\/wp\/v2\/type-de-travail?post=3014"}],"curies":[{"name":"wp","href":"https:\/\/api.w.org\/{rel}","templated":true}]}}

Conférence de Lausanne &#8211; Actes signés les 30 Janvier et 24 Juillet 1923

<p>Traité de paix avec la Turquie.</p>
