{"id":3040,"date":"2017-02-19T19:02:00","date_gmt":"2017-02-19T18:02:00","guid":{"rendered":"http:\/\/aram.bourgault.info\/document\/brouillon-de-courrier-du-prefet-des-bouches-du-rhone-au-ministere-de-linterieur-a-paris"},"modified":"2017-05-23T14:33:33","modified_gmt":"2017-05-23T12:33:33","slug":"brouillon-de-courrier-du-prefet-des-bouches-du-rhone-au-ministere-de-linterieur-a-paris","status":"publish","type":"document","link":"http:\/\/aram.bourgault.info\/hy\/biblio\/document\/brouillon-de-courrier-du-prefet-des-bouches-du-rhone-au-ministere-de-linterieur-a-paris","title":{"rendered":"Brouillon de courrier du Pr\u00e9fet des Bouches du Rh\u00f4ne au Minist\u00e8re de l&#8217;Int\u00e9rieur \u00e0 Paris."},"content":{"rendered":"<p>Ce brouillon de courrier du Pr\u00e9fet des Bouches du Rh\u00f4ne adress\u00e9 au Minist\u00e8re de l&#8217;Int\u00e9rieur \u00e0 Paris est dat\u00e9 du3 octobre 1922. Le Pr\u00e9fet rend compte de l&#8217;arriv\u00e9e des paquebots Phygie \u00e0 Marseille et Tourville \u00e0 Toulon depuis Smyrne avec 977 passagers ayant tous fui devant l&#8217;incendie de la ville.<\/p>\n<p>Le Pr\u00e9fet drese la liste des besoins logistiques envisag\u00e9s pour l&#8217;accueil des r\u00e9fugi\u00e9s arm\u00e9niens. Il signale la capacit\u00e9 d&#8217;accueil d&#8217;une caserne desafect\u00e9e, &#8220;Les Incurables&#8221;, (La Vieille Charit\u00e9).<\/p>\n","protected":false},"excerpt":{"rendered":"<p>Ce brouillon de courrier du Pr\u00e9fet des Bouches du Rh\u00f4ne adress\u00e9 au Minist\u00e8re de l&#8217;Int\u00e9rieur \u00e0 Paris est dat\u00e9 du3 octobre 1922. Le Pr\u00e9fet rend compte de l&#8217;arriv\u00e9e des paquebots Phygie \u00e0 Marseille et Tourville \u00e0 Toulon depuis Smyrne avec 977 passagers ayant tous fui devant l&#8217;incendie de la ville. Le Pr\u00e9fet drese la liste &hellip; <a href=\"http:\/\/aram.bourgault.info\/hy\/biblio\/document\/brouillon-de-courrier-du-prefet-des-bouches-du-rhone-au-ministere-de-linterieur-a-paris\">\u0547\u0561\u0580\u0578\u0582\u0576\u0561\u056f\u0578\u0582\u0569\u056b\u0582\u0576\u0568 \u056f\u0561\u0580\u0564\u0561\u056c<\/a><\/p>\n","protected":false},"featured_media":0,"template":"","auteur-biblio":[3558],"langues-biblio":[4],"tag-biblio":[2288,2289,160,1595,2290],"type-de-document":[2545],"type-de-travail":[2373],"_links":{"self":[{"href":"http:\/\/aram.bourgault.info\/hy\/wp-json\/wp\/v2\/document\/3040"}],"collection":[{"href":"http:\/\/aram.bourgault.info\/hy\/wp-json\/wp\/v2\/document"}],"about":[{"href":"http:\/\/aram.bourgault.info\/hy\/wp-json\/wp\/v2\/types\/document"}],"wp:attachment":[{"href":"http:\/\/aram.bourgault.info\/hy\/wp-json\/wp\/v2\/media?parent=3040"}],"wp:term":[{"taxonomy":"auteur-biblio","embeddable":true,"href":"http:\/\/aram.bourgault.info\/hy\/wp-json\/wp\/v2\/auteur-biblio?post=3040"},{"taxonomy":"langues-biblio","embeddable":true,"href":"http:\/\/aram.bourgault.info\/hy\/wp-json\/wp\/v2\/langues-biblio?post=3040"},{"taxonomy":"tag-biblio","embeddable":true,"href":"http:\/\/aram.bourgault.info\/hy\/wp-json\/wp\/v2\/tag-biblio?post=3040"},{"taxonomy":"type-de-document","embeddable":true,"href":"http:\/\/aram.bourgault.info\/hy\/wp-json\/wp\/v2\/type-de-document?post=3040"},{"taxonomy":"type-de-travail","embeddable":true,"href":"http:\/\/aram.bourgault.info\/hy\/wp-json\/wp\/v2\/type-de-travail?post=3040"}],"curies":[{"name":"wp","href":"https:\/\/api.w.org\/{rel}","templated":true}]}}

Brouillon de courrier du Préfet des Bouches du Rhône au Ministère de l&#8217;Intérieur à Paris.

<p>Ce brouillon de courrier du Préfet des Bouches du Rhône adressé au Ministère de l&#8217;Intérieur à Paris est daté du3 octobre 1922. Le Préfet rend compte de l&#8217;arrivée des paquebots Phygie à Marseille et Tourville à Toulon depuis Smyrne avec 977 passagers ayant tous fui devant l&#8217;incendie de la ville.</p>
<p>Le Préfet drese la liste des besoins logistiques envisagés pour l&#8217;accueil des réfugiés arméniens. Il signale la capacité d&#8217;accueil d&#8217;une caserne desafectée, &#8220;Les Incurables&#8221;, (La Vieille Charité).</p>

<p>Ce brouillon de courrier du Préfet des Bouches du Rhône adressé au Ministère de l&#8217;Intérieur à Paris est daté du3 octobre 1922. Le Préfet rend compte de l&#8217;arrivée des paquebots Phygie à Marseille et Tourville à Toulon depuis Smyrne avec 977 passagers ayant tous fui devant l&#8217;incendie de la ville. Le Préfet drese la liste &hellip; <a href="http://aram.bourgault.info/hy/biblio/document/brouillon-de-courrier-du-prefet-des-bouches-du-rhone-au-ministere-de-linterieur-a-paris">Շարունակութիւնը կարդալ</a></p>
