{"id":431,"date":"2016-12-06T15:10:42","date_gmt":"2016-12-06T14:10:42","guid":{"rendered":"http:\/\/aram.bourgault.info\/livre\/temoignages-inedits-sur-les-atrocites-turques-commises-en-armenie\/"},"modified":"2017-10-26T18:10:14","modified_gmt":"2017-10-26T16:10:14","slug":"temoignages-inedits-sur-les-atrocites-turques-commises-en-armenie","status":"publish","type":"livre","link":"http:\/\/aram.bourgault.info\/hy\/biblio\/livre\/temoignages-inedits-sur-les-atrocites-turques-commises-en-armenie","title":{"rendered":"T\u00e9moignages in\u00e9dits sur les Atrocit\u00e9s Turques commises en Arm\u00e9nie"},"content":{"rendered":"","protected":false},"featured_media":4131,"template":"","auteur-biblio":[3229,3228],"langues-biblio":[4],"tag-biblio":[1220,987,164],"type-de-travail":[1989],"_links":{"self":[{"href":"http:\/\/aram.bourgault.info\/hy\/wp-json\/wp\/v2\/livre\/431"}],"collection":[{"href":"http:\/\/aram.bourgault.info\/hy\/wp-json\/wp\/v2\/livre"}],"about":[{"href":"http:\/\/aram.bourgault.info\/hy\/wp-json\/wp\/v2\/types\/livre"}],"wp:featuredmedia":[{"embeddable":true,"href":"http:\/\/aram.bourgault.info\/hy\/wp-json\/wp\/v2\/media\/4131"}],"wp:attachment":[{"href":"http:\/\/aram.bourgault.info\/hy\/wp-json\/wp\/v2\/media?parent=431"}],"wp:term":[{"taxonomy":"auteur-biblio","embeddable":true,"href":"http:\/\/aram.bourgault.info\/hy\/wp-json\/wp\/v2\/auteur-biblio?post=431"},{"taxonomy":"langues-biblio","embeddable":true,"href":"http:\/\/aram.bourgault.info\/hy\/wp-json\/wp\/v2\/langues-biblio?post=431"},{"taxonomy":"tag-biblio","embeddable":true,"href":"http:\/\/aram.bourgault.info\/hy\/wp-json\/wp\/v2\/tag-biblio?post=431"},{"taxonomy":"type-de-travail","embeddable":true,"href":"http:\/\/aram.bourgault.info\/hy\/wp-json\/wp\/v2\/type-de-travail?post=431"}],"curies":[{"name":"wp","href":"https:\/\/api.w.org\/{rel}","templated":true}]}}

Témoignages inédits sur les Atrocités Turques commises en Arménie
